?
2, 291169
What are the prime factors of 4086027?
3, 11, 149, 277
List the prime factors of 550164.
2, 3, 19, 127
List the prime factors of 10664427.
3, 59, 60251
What are the prime factors of 31903?
61, 523
What are the prime factors of 40991?
179, 229
List the prime factors of 860206.
2, 19, 22637
What are the prime factors of 138669?
3, 17, 2719
List the prime factors of 71253.
3, 7, 13, 29
List the prime factors of 1077804.
2, 3, 7, 13, 47
What are the prime factors of 42631?
89, 479
What are the prime factors of 1995830?
2, 5, 199583
What are the prime factors of 14760741?
3, 4920247
List the prime factors of 373896.
2, 3, 577
List the prime factors of 502477.
47, 10691
What are the prime factors of 1096440?
2, 3, 5, 9137
List the prime factors of 3410763.
3, 1136921
List the prime factors of 37658.
2, 19, 991
List the prime factors of 4939895.
5, 987979
List the prime factors of 1037210.
2, 5, 19, 53, 103
What are the prime factors of 2251394?
2, 43, 47, 557
What are the prime factors of 3360338?
2, 31, 83, 653
What are the prime factors of 16985212?
2, 4246303
List the prime factors of 10097851.
23, 89, 4933
What are the prime factors of 6163254?
2, 3, 29, 11807
What are the prime factors of 626558?
2, 37, 8467
What are the prime factors of 10679459?
7, 1525637
What are the prime factors of 5215015?
5, 13, 80231
What are the prime factors of 10650950?
2, 5, 213019
List the prime factors of 34410.
2, 3, 5, 31, 37
What are the prime factors of 129894?
2, 3, 21649
What are the prime factors of 512571?
3, 170857
What are the prime factors of 15970055?
5, 17, 187883
What are the prime factors of 1212305?
5, 37, 6553
List the prime factors of 3748782.
2, 3, 624797
List the prime factors of 1585291.
1585291
What are the prime factors of 4006118?
2, 17, 29, 239
List the prime factors of 1181476.
2, 53, 5573
List the prime factors of 5545924.
2, 211, 6571
List the prime factors of 102246.
2, 3, 17041
List the prime factors of 3199772.
2, 137, 5839
List the prime factors of 265088.
2, 19, 109
What are the prime factors of 1270463?
53, 23971
List the prime factors of 280593.
3, 31177
What are the prime factors of 526714?
2, 53, 4969
List the prime factors of 403968.
2, 3, 263
What are the prime factors of 450356?
2, 112589
What are the prime factors of 27816986?
2, 13908493
List the prime factors of 3658717.
41, 89237
List the prime factors of 235558.
2, 117779
What are the prime factors of 11160011?
19, 61, 9629
List the prime factors of 638162.
2, 7, 79, 577
List the prime factors of 408922.
2, 204461
What are the prime factors of 349078?
2, 17, 10267
List the prime factors of 12813680.
2, 5, 11, 14561
What are the prime factors of 930724?
2, 232681
List the prime factors of 8497447.
7, 1213921
List the prime factors of 10608286.
2, 13, 408011
List the prime factors of 500345.
5, 100069
What are the prime factors of 333480?
2, 3, 5, 7, 397
What are the prime factors of 8989867?
8989867
What are the prime factors of 360689?
7, 17, 433
What are the prime factors of 152656?
2, 7, 29, 47
List the prime factors of 1068547.
641, 1667
What are the prime factors of 7103167?
631, 11257
List the prime factors of 712182.
2, 3, 29, 4093
List the prime factors of 4752777.
3, 1584259
List the prime factors of 160978.
2, 80489
What are the prime factors of 3154813?
1723, 1831
List the prime factors of 11943295.
5, 7, 13, 26249
List the prime factors of 20345103.
3, 2260567
List the prime factors of 763277.
181, 4217
List the prime factors of 77782.
2, 38891
List the prime factors of 361148.
2, 17, 47, 113
List the prime factors of 2891446.
2, 1445723
What are the prime factors of 5584935?
3, 5, 199, 1871
List the prime factors of 2672914.
2, 1336457
List the prime factors of 1276492.
2, 7, 45589
What are the prime factors of 107353?
31, 3463
What are the prime factors of 6547962?
2, 3, 23, 2063
List the prime factors of 2804.
2, 701
List the prime factors of 1272332.
2, 179, 1777
What are the prime factors of 28642519?
19, 1507501
List the prime factors of 2972171.
2972171
What are the prime factors of 7205814?
2, 3, 7, 11, 1733
What are the prime factors of 1900949?
37, 83, 619
What are the prime factors of 217798?
2, 7, 47, 331
List the prime factors of 329255.
5, 65851
List the prime factors of 624163.
624163
What are the prime factors of 22653617?
7, 3236231
What are the prime factors of 26256?
2, 3, 547
What are the prime factors of 20614000?
2, 5, 11, 937
List the prime factors of 396332.
2, 99083
What are the prime factors of 194939?
17, 11467
List the prime factors of 8487820.
2, 5, 11, 41, 941
List the prime factors of 157790.
2, 5, 31, 509
What are the prime factors of 697034?
2, 13, 17, 19, 83
What are the prime factors of 2219882?
2, 7, 158563
List the prime factors of 206446.
2, 109, 947
List the prime factors of 3624225.
3, 5, 11, 23, 191
What are the prime factors of 490790?
2, 5, 17, 2887
What are the prime factors of 204080?
2, 5, 2551
List the prime factors of 636038.
2, 13, 17, 1439
What are the prime factors of 110796?
2, 3, 7, 1319
What are the prime factors of 19892403?
3, 2210267
What are the prime factors of 1996440?
2, 3, 5, 127, 131
List the prime factors of 179275.
5, 71, 101
List the prime factors of 15993.
3, 1777
What are the prime factors of 20930?
2, 5, 7, 13, 23
What are the prime factors of 6748404?
2, 3, 13, 181, 239
What are the prime factors of 7596145?
5, 373, 4073
List the prime factors of 2042557.
11, 19, 29, 337
What are the prime factors of 2309247?
3, 379, 677
What are the prime factors of 24912447?
3, 7, 127, 9341
List the prime factors of 1546434.
2, 3, 53, 1621
What are the prime factors of 3188596?
2, 59, 229
What are the prime factors of 11902059?
3, 13, 89, 127
What are the prime factors of 249835?
5, 29, 1723
What are the prime factors of 482863?
482863
List the prime factors of 82066.
2, 37, 1109
What are the prime factors of 8183458?
2, 4091729
List the prime factors of 2832496.
2, 23, 43, 179
List the prime factors of 235018.
2, 7, 16787
List the prime factors of 2767168.
2, 43237
What are the prime factors of 1592314?
2, 19, 41903
List the prime factors of 14869956.
2, 3, 31, 71, 563
What are the prime factors of 4562770?
2, 5, 53, 8609
List the prime factors of 12406.
2, 6203
What are the prime factors of 1466064?
2, 3, 10181
What are the prime factors of 8243230?
2, 5, 37, 22279
List the prime factors of 6022353.
3, 2007451
List the prime factors of 27310.
2, 5, 2731
List the prime factors of 304082.
2, 152041
What are the prime factors of 18671126?
2, 47, 307, 647
What are the prime factors of 230238?
2, 3, 12791
List the prime factors of 96576.
2, 3, 503
What are the prime factors of 2040322?
2, 307, 3323
What are the prime factors of 843085?
5, 168617
List the prime factors of 158072.
2, 19759
List the prime factors of 3780217.
7, 653, 827
List the prime factors of 363410.
2, 5, 36341
What are the prime factors of 1389492?
2, 3, 13, 2969
What are the prime factors of 758321?
29, 79, 331
List the prime factors of 103617.
3, 29, 397
What are the prime factors of 15890683?
61, 89, 2927
List the prime factors of 593054.
2, 7, 11, 3851
What are the prime factors of 4142278?
2, 7, 295877
What are the prime factors of 408998?
2, 37, 5527
List the prime factors of 52541.
52541
List the prime factors of 187578.
2, 3, 17, 613
List the prime factors of 207916.
2, 59, 881
List the prime factors of 9945792.
2, 3, 31, 557
What are the prime factors of 3929653?
7, 13, 31, 199
List the prime factors of 14130.
2, 3, 5, 157
List the prime factors of 5519479.
7, 788497
What are the prime factors of 3203478?
2, 3, 31, 5741
List the prime factors of 164442.
2, 3, 27407
List the prime factors of 10911480.
2, 3, 5, 79, 1151
List the prime factors of 5063145.
3, 5, 337543
What are the prime factors of 6942301?
6942301
What are the prime factors of 410565?
3, 5, 101, 271
List the prime factors of 125663.
53, 2371
List the prime factors of 3655141.
7, 89, 5867
What are the prime factors of 2419241?
11, 219931
List the prime factors of 113763.
3, 13, 2917
What are the prime factors of 209555?
5, 41911
List the prime factors of 278525.
5, 13, 857
What are the prime factors of 1480490?
2, 5, 11, 43, 313
What are the prime fa